2*q - 12. Suppose 0 = 5*f - 2*p + 8 + 11, -22 = 2*f + 4*p. What is i(f)?
3
Let o(c) be the third derivative of c**4/12 + 3*c**3 + 6*c**2. Let l be (5 - -5)*12/(-10). Calculate o(l).
-6
Let x(s) = -2*s**2 - 11*s - 7. Let k(u) = -u**2 - 4*u - 3. Let l(m) = 9*k(m) - 4*x(m). Determine l(6).
13
Let m = 128 - 123. Let d(y) = -y**3 + 4*y**2 + 3*y + 2. Determine d(m).
-8
Let l(a) = a**3 + 5*a**2 + 2. Let d be ((-1)/(-1))/(17/68). Suppose 0*b - d*f = b - 7, -5*b + f - 28 = 0. Determine l(b).
2
Let a = 4 - 1. Let z(v) = -2*v - a*v - 4*v**2 + 5*v**2 - 4. Let k = 4863 + -4857. Calculate z(k).
2
Let m(d) = d**2 + 2*d - 4. Let s be m(-4). Let q(g) be the third derivative of -g**5/60 - g**4/24 - 5*g**3/6 + 72*g**2 - 3*g. What is q(s)?
-25
Let i(z) be the third derivative of 1/120*z**6 + 12*z**2 + 0 + 1/30*z**5 + 0*z - 1/12*z**4 + 1/3*z**3. Calculate i(-3).
-1
Suppose 10*w - 20 = 40. Let t(y) be the second derivative of y**5/20 - 7*y**4/12 + y**3 + 5*y**2/2 + 15*y. Determine t(w).
5
Let s(a) = 37*a**2 - 1 - a**3 - 21*a**2 + 0*a + 17*a - 6. Calculate s(17).
-7
Let q(p) = -3*p**2 - 6*p - 1. Let n(b) = -2*b**2 - 3*b - 1. Let w(a) = 5*n(a) - 3*q(a). Let r = 21 + -15. Let c be r + -2 + (-1 - 0). Determine w(c).
-2
Suppose -4*c = -0*c + 2*a - 4, 4 = -2*a. Let n(g) = -337*g + 343*g + 4 + 0 + g**c. Calculate n(-5).
-1
Let c be (-27)/(-18)*(-3 + 17/3). Let x(v) be the second derivative of 0 + 1/12*v**c - 1/20*v**5 + 2/3*v**3 - 1/2*v**2 + v. Give x(3).
-7
Let x = 32 + -28. Let c(h) = -h**2 + 11*h - 14. Let j be c(x). Suppose -j - 16 = 6*u. Let y(d) = 2*d. Give y(u).
-10
Let z(r) = -11*r**2 + 22*r + 38. Let t(g) = -4*g**2 + 8*g + 13. Let w(n) = -8*t(n) + 3*z(n). What is w(-3)?
-5
Let z(n) be the first derivative of n**2/2 - 112. Calculate z(6).
6
Let z(v) = -71*v + 7. Let x(u) = 83*u - 7. Let w(g) = -6*x(g) - 7*z(g). Suppose 0 = -2*p - 0*p - 12. Give w(p).
-1
Let x(j) = 3*j**2 + 1. Suppose 2*w - 48 + 40 = 0. Suppose -11*f + 7*f = w. Give x(f).
4
Suppose 0 = -t - 2*t + 21. Let v(i) = 4*i - 10*i + 9 + t*i. Determine v(-7).
2
Suppose -q + 23 = -5*q - 3*i, 4*i = -3*q - 19. Let f = 2 - q. Let k(s) = s**2 - 1 + 0*s - f*s - 5*s + 11*s. Give k(-1).
1
Let k(w) = w + 10. Let s = -23 + 17. Let u be k(s). Let a(b) = 3*b - u*b - b - 11. Give a(-8).
5
Let z(c) be the third derivative of -c**5/60 - c**4/24 + c**3/2 - 131*c**2. Calculate z(5).
-27
Let q = 26 - 26. Let j(y) = 1 - 9*y**2 + q - 2. What is j(-1)?
-10
Let a be ((-24)/(-14))/(4/14). Suppose a = 2*w + w. Suppose 0 = -w*y - 6 + 14. Let p(l) = -l**2 + 4*l - 6. What is p(y)?
-6
Suppose 82 = -52*x - 30*x. Let v(k) = 17*k**2 - 3*k - 3. Calculate v(x).
17
Suppose -3*i - p + 14 = 0, -2*p - 1 - 1 = i. Let n(w) = 9*w**2 + 33*w - 42. Let q(v) = 2*v**2 + 8*v - 10. Let d(t) = -6*n(t) + 26*q(t). Give d(i).
-20
Suppose -19*d - 4*g = -21*d - 24, 0 = 5*d + 2*g + 12. Let l(j) = -j**3 - 3*j**2 + 6*j + 2. Determine l(d).
-6
Let h = -162 - -156. Let l(g) = g**2 + 3*g - 12. Determine l(h).
6
Let t(w) = -w - 1 + 0 - 3. Let z(r) = -15*r + 117. Let p be z(8). What is t(p)?
-1
Let v(t) = t**3 + t**2 + 1. Let h(l) = -4*l**3 - 5*l**2 + 4*l - 4. Let d(q) = -h(q) - 3*v(q). Let a be 8/(-6)*(15 - 9) - -4. Determine d(a).
-15
Let z(j) = -j**2 + 23*j + 145. Let i be z(28). Let q(n) = -n**3 + 5*n**2 - 3. Determine q(i).
-3
Let g(t) = -25*t**3 - 35*t**2 + 11*t + 7. Let r(p) = 9*p**3 + 12*p**2 - 4*p - 3. Let m(y) = -4*g(y) - 11*r(y). Calculate m(-8).
5
Let z(b) = b**3 - 5*b**2 - b + 2. Let g be z(5). Let y(w) = 3*w + 7. Let a be y(g). Let o(t) = -t**2 - 3*t - 2. Determine o(a).
0
Let u(a) be the first derivative of 5*a + 70 - a**2 - 48 - 59. Give u(6).
-7
Let t(i) be the first derivative of -12*i**2 - i - 145. Let c be (0 + -1)/(-1 - 0). What is t(c)?
-25
Let m(y) be the first derivative of y**3/3 - 5*y**2/2 - 5*y - 180. Determine m(4).
-9
Let f = -177 - -186. Let w(h) = 3*h - 4. Let z(u) = -u + 1. Let b(p) = 6*w(p) + 17*z(p). Calculate b(f).
2
Let g(j) = j - 4. Let b = -16 - -18. Suppose 0 = 4*s - k - 0 - 2, -b = 5*s + k. Suppose -c + 6 - 1 = s. Give g(c).
1
Let v(n) = n + 10. Let u(s) = s**3 - 6*s**2 - s + 3. Let y be u(6). Suppose 0*z = 8*z + 24. Let l = y - z. Give v(l).
10
Let r(m) be the third derivative of m**4/24 + 7*m**3/6 - m**2 + 4. Suppose l = -6*l - 28. What is r(l)?
3
Let l(d) = 7*d - 64. Let j(f) = 21*f - 191. Let s(w) = -6*j(w) + 17*l(w). Let i be s(9). Let r(v) = v**2 + 4*v + 5. Calculate r(i).
10
Let o(i) = -9*i**3 + 6*i**2 - 5*i + 4. Let s(h) = -11*h**3 + 6*h**2 - 6*h + 4. Let d(l) = -5*o(l) + 4*s(l). What is d(6)?
2
Let p(k) = -k - 15. Suppose -1 - 6 = -s. Let q(c) = 2*c**3 - 15*c**2 + 4*c + 10. Let r be q(s). Give p(r).
-4
Let a be (7 - 111/15)/((-2)/(-50)). Let b(y) = -y**3 - 9*y**2 + 11*y + 9. What is b(a)?
-1
Let s(q) = q**3 - 5*q**2 + 5*q - 1. Let v be (2 + (-28)/12)*0. Suppose 0 = 3*b - v*b - i - 9, -5*b + 2*i = -16. Suppose -4*x + 14 = -b. Give s(x).
3
Let b(o) = o**3 - 6*o**2 + 2*o + 5. Suppose -15*c + 198 = 18*c. What is b(c)?
17
Let o(w) = w**2 + 9*w + 1. Let k(g) = -1. Let h(z) = k(z) - o(z). What is h(-7)?
12
Let k(i) = -2*i**3 + 3*i**2 - 4*i + 5. Suppose -4*l - 1 + 17 = -4*j, -4*l + 2*j + 12 = 0. Let u be k(l). Let o(h) = 3*h - 7 - 2*h - 2*h. What is o(u)?
0
Let i = 226 - 228. Let k(s) = s**3 - s**2 - s - 24. Let x be k(0). Let w be ((-5)/(-15))/(i/x). Let t(o) = o**3 - 5*o**2 + o + 4. Give t(w).
-8
Let x(o) = o**3 + 5*o**2 - o + 4. Suppose 4*u + 1 + 7 = 0. Let w be (u/(-6))/(6/(-90)). Determine x(w).
9
Let v = 57 + -38. Let p = -22 + v. Let a(d) = d**2 - 2*d**2 - d - d. Calculate a(p).
-3
Let z(q) = 85*q + 68. Let j(p) = -16*p - 13. Let t(b) = -11*j(b) - 2*z(b). Calculate t(6).
43
Let j(r) = r**3 - 15*r**2 - 4*r + 8. Let l(d) = 2*d**3 - 32*d**2 - 8*d + 18. Let k(w) = -7*j(w) + 3*l(w). Give k(9).
34
Let y(c) be the third derivative of c**5/60 - c**4/8 - 7*c**3/6 - 115*c**2 + 2*c. Give y(7).
21
Let u(t) = -t - 5. Let c be u(-18). Let q be 21/2*2/3. Let j(o) = 6 + 4*o + q*o - c*o. Determine j(5).
-4
Let x(m) = -m - 3. Suppose -10 - 14 = -4*g - 2*f, -2*g + 5*f = 0. Calculate x(g).
-8
Let d = 49 - 45. Suppose -2*h + h = -3*i - 8, -d*h + 3*i = -5. Let m(z) = 3*z - 5*z - 4*z**2 + 3*z**2 + 5*z**3 - 1. What is m(h)?
-5
Let d(a) = a**3 + 8*a**2 + 9*a. Let l be d(-8). Let o = l - -72. Let m(n) = -n**2 + 4. Calculate m(o).
4
Let i(n) = -66 - n + 135 - 74. Suppose -8*l + 4*l = 0. What is i(l)?
-5
Let l(k) = -k + 4. Suppose -5*b - 56 = -3*y, 21*y - 25*y = -8. Determine l(b).
14
Let i(j) = j - 2. Let c be -5*-1*(0 - -1). Suppose u = m + 2 - c, -23 = 5*u - 3*m. What is i(u)?
-9
Let m(f) be the second derivative of 3/2*f**2 + 0 + 3*f + 2/3*f**3. What is m(-2)?
-5
Let k = -30 + 32. Let f(b) = 0 - 3 + b**k - 143*b + 137*b. What is f(3)?
-12
Let j(s) be the first derivative of s**2/2 - 5*s - 8. Let b be (1 + 8)*4/(-6). Determine j(b).
-11
Let j(r) be the third derivative of -2/3*r**3 - 1/8*r**4 + 0 + 0*r - r**2 + 1/60*r**5. Suppose 0 = -4*n + 3 + 9. Give j(n).
-4
Let k(o) = -12*o - 4. Let d(q) = 13*q + 5. Let i(r) = 3*d(r) + 4*k(r). Determine i(-1).
8
Let d(g) be the third derivative of 5*g**4/24 + 5*g**3/6 + 14*g**2 + 7. What is d(-4)?
-15
Let r(v) = -7*v**3 + 4*v**2 + 6*v - 10. Let s(z) = -15*z**3 + 8*z**2 + 13*z - 21. Let y(f) = -13*r(f) + 6*s(f). Let b be y(3). Let x(g) = g + 4. Calculate x(b).
-1
Let j(q) = 14*q + 46. Let b be j(-3). Let m(i) = -2*i**2 + 8*i - 10. Determine m(b).
-10
Let s(w) = 3*w + 1. Let a(q) = -q**2. Suppose 9*k = 3*k - 6. Let z(v) = -4*v**2 + 7*v + 8. Let c(m) = k*z(m) + 5*a(m). Let t be c(-6). Determine s(t).
-5
Let i(k) be the first derivative of k**3/3 - 7*k**2/2 - 10*k + 4. Let f be i(9). Let u(z) = 2*z**3 + f*z**3 + 0 + z - 1. What is u(1)?
10
Let q be ((-90)/50 - -2)*5*5. Let r(f) = -f**2 + 5*f - 7. Give r(q).
-7
Let z(x) = 5*x + 0*x - 55 + 52 + x + 3*x**2 - 2*x**2. Calculate z(-5).
-8
Let u(m) = -m**2. Let d be u(3). Let k(z) = 3 + 123*z + 2*z**2 + z**3 - 132*z + 6*z**2. Let q be k(d). Let w(l) = l**2 - 3. What is w(q)?
6
Let k(t) be the second derivative of -1/24*t**4 - t**3 + 2*t + 3/2*t**2 + 0. Let g(f) be the first derivative of k(f). Give g(-6).
0
Let h(a) = -2. Let t be 10/15*18 + -2. Let f(g) = g - 12. Let r(v) = t*h(v) - 2*f(v). Suppose 4*u = -y + 2, -4*y + 3*u + 16 = -11. Give r(y).
-8
Let s(p) = -7 